2?
2
What is the ten millions digit of 438286966?
3
What is the tens digit of 45553667?
6
What is the ten thousands digit of 236099632?
9
What is the ten millions digit of 179159650?
7
What is the tens digit of 307531477?
7
What is the millions digit of 1008597510?
8
What is the hundreds digit of 801503953?
9
What is the ten thousands digit of 46996407?
9
What is the ten thousands digit of 1315564078?
6
What is the ten thousands digit of 326906930?
0
What is the ten millions digit of 3420909910?
2
What is the ten thousands digit of 53449844?
4
What is the ten thousands digit of 3158777270?
7
What is the units digit of 5397253?
3
What is the tens digit of 5902447?
4
What is the ten thousands digit of 5606271105?
7
What is the millions digit of 481117383?
1
What is the hundred thousands digit of 181478923?
4
What is the hundred thousands digit of 334000766?
0
What is the thousands digit of 550350268?
0
What is the thousands digit of 22905976?
5
What is the hundred millions digit of 764063114?
7
What is the ten millions digit of 114680729?
1
What is the ten millions digit of 67747283?
6
What is the hundreds digit of 803642232?
2
What is the millions digit of 313543295?
3
What is the hundred millions digit of 3170559393?
1
What is the millions digit of 66081863?
6
What is the thousands digit of 359831282?
1
What is the ten thousands digit of 52211069?
1
What is the tens digit of 1500388826?
2
What is the millions digit of 613921126?
3
What is the millions digit of 410966832?
0
What is the hundred millions digit of 1028020528?
0
What is the units digit of 764851251?
1
What is the hundred thousands digit of 177347327?
3
What is the hundreds digit of 29516018?
0
What is the millions digit of 341525562?
1
What is the hundred thousands digit of 111841475?
8
What is the thousands digit of 2077066475?
6
What is the ten millions digit of 939076859?
3
What is the hundred thousands digit of 77733619?
7
What is the units digit of 77214084?
4
What is the units digit of 210116730?
0
What is the hundred millions digit of 1186356591?
1
What is the ten thousands digit of 5335443664?
4
What is the ten thousands digit of 66016774?
1
What is the millions digit of 3291190?
3
What is the hundred thousands digit of 2189250732?
2
What is the hundred thousands digit of 134293722?
2
What is the units digit of 6051059?
9
What is the billions digit of 1092935359?
1
What is the tens digit of 4595224760?
6
What is the ten millions digit of 2588104540?
8
What is the ten millions digit of 258088937?
5
What is the ten millions digit of 754943987?
5
What is the ten thousands digit of 99816281?
1
What is the thousands digit of 576422256?
2
What is the units digit of 3282869772?
2
What is the ten millions digit of 4733379687?
3
What is the tens digit of 71508127?
2
What is the billions digit of 6461586684?
6
What is the hundreds digit of 127359591?
5
What is the ten thousands digit of 40381183?
8
What is the units digit of 2389987833?
3
What is the hundreds digit of 1674715003?
0
What is the thousands digit of 1064673656?
3
What is the millions digit of 42720534?
2
What is the ten millions digit of 241935387?
4
What is the ten thousands digit of 180243131?
4
What is the hundred thousands digit of 734827762?
8
What is the millions digit of 18298486?
8
What is the ten millions digit of 69541268?
6
What is the billions digit of 3928501531?
3
What is the hundreds digit of 599630910?
9
What is the hundred thousands digit of 17048966?
0
What is the millions digit of 224734347?
4
What is the thousands digit of 134017551?
7
What is the thousands digit of 2284891305?
1
What is the ten millions digit of 88022784?
8
What is the hundred thousands digit of 64744035?
7
What is the ten thousands digit of 59373138?
7
What is the hundreds digit of 45611104?
1
What is the units digit of 227164620?
0
What is the tens digit of 1551706895?
9
What is the ten millions digit of 174478840?
7
What is the hundreds digit of 732061535?
5
What is the thousands digit of 3834965568?
5
What is the billions digit of 4025854951?
4
What is the millions digit of 1212356108?
2
What is the tens digit of 167840580?
8
What is the hundred thousands digit of 155398996?
3
What is the hundred thousands digit of 4847831307?
8
What is the units digit of 720207759?
9
What is the ten thousands digit of 43474199?
7
What is the millions digit of 423323620?
3
What is the thousands digit of 56137462?
7
What is the thousands digit of 38503043?
3
What is the hundred thousands digit of 53555487?
5
What is the thousands digit of 485771353?
1
What is the hundreds digit of 89142939?
9
What is the ten thousands digit of 61621674?
2
What is the millions digit of 212464435?
2
What is the hundred thousands digit of 1971630250?
6
What is the units digit of 235239210?
0
What is the millions digit of 64009248?
4
What is the hundred millions digit of 1247710074?
2
What is the hundred thousands digit of 29266702?
2
What is the hundred thousands digit of 184065087?
0
What is the units digit of 424396146?
6
What is the ten millions digit of 55748078?
5
What is the ten thousands digit of 97919177?
1
What is the tens digit of 382619518?
1
What is the millions digit of 49301632?
9
What is the millions digit of 502446362?
2
What is the billions digit of 2830695459?
2
What is the units digit of 144548595?
5
What is the hundreds digit of 26829841?
8
What is the ten millions digit of 3320978957?
2
What is the units digit of 2939277270?
0
What is the millions digit of 200158462?
0
What is the units digit of 193332589?
9
What is the billions digit of 1614298225?
1
What is the ten thousands digit of 1649229314?
2
What is the hundred millions digit of 173302219?
1
What is the billions digit of 3130483567?
3
What is the hundred millions digit of 4536631156?
5
What is the tens digit of 20125855?
5
What is the millions digit of 25504970?
5
What is the tens digit of 4350871798?
9
What is the ten thousands digit of 141489422?
8
What is the tens digit of 9620762?
6
What is the ten thousands digit of 822895?
2
What is the tens digit of 53733822?
2
What is the hundred millions digit of 605585187?
6
What is the ten thousands digit of 5391514273?
1
What is the units digit of 330189889?
9
What is the ten millions digit of 1016992168?
1
What is the hundreds digit of 99340776?
7
What is the ten millions digit of 172857302?
7
What is the ten millions digit of 279347174?
7
What is the units digit of 182600102?
2
What is the hundred thousands digit of 837544091?
5
What is the thousands digit of 3553659006?
9
What is the thousands digit of 63984177?
4
What is the units digit of 159189691?
1
What is the thousands digit of 196360757?
0
What is the units digit of 1020024360?
0
What is the units digit of 29384181?
1
What is the millions digit of 146672386?
6
What is the hundred thousands digit of 761560050?
5
What is the hundred thousands digit of 2176128319?
1
What is the hundred thousands digit of 614937356?
9
What is the ten millions digit of 195310856?
9
What is the ten thousands digit of 92326461?
2
What is the hundreds digit of 1415206465?
4
What is the units digit of 136210529?
9
What is the units digit of 1484730558?
8
What is the hundred thousands digit of 2778796550?
7
What is the ten thousands digit of 1219467583?
6
What is the thousands digit of 1547471718?
1
What is the hundreds digit of 9707737?
7
What is the ten thousands digit of 8239020?
3
What is the millions digit of 195496714?
5
What is the thousands digit of 304722905?
2
What is the ten millions digit of 2962640445?
6
What is the hundred thousands digit of 18550168?
5
What is the thousands digit of 230101630?
1
What is the units digit of 7388928456?
6
What is the thousands digit of 289882226?
2
What is the tens digit of 93652806?
0
What is the hundred thousands digit of 2743675480?
6
What is the thousands digit of 4246727413?
7
What is the tens digit of 11974456?
5
What is the units digit of 268453031?
1
What is the thousands digit of 49088688?
8
What is the hundred thousands digit of 166587882?
5
What is the millions digit of 4740284443?
0
What is the ten thousands digit of 1050776872?
7
What is the thousands digit of 4859164153?
4
What is the hundreds digit of 353072077?
0
What is the thousands digit of 